t derivative of d**3/3 - 4*d - 2. Suppose 6 = 2*u - 22. Suppose -3*a = 3*g - 1 + 7, g = -5*a - u. Determine o(a).
5
Let r(o) be the first derivative of o**4/2 - 2*o**3/3 + o + 6. Give r(-1).
-3
Let z(a) = a**3 - 4*a**2 - 6*a - 5. Suppose 0 = 5*t + 4*n - 0*n - 21, 29 = 5*t - 4*n. Calculate z(t).
-10
Let u(j) = -4*j**3 + j**2 - j - 1. Let s be (1 - (-6)/(-2))*-1. Suppose 0*d = -s*d. Suppose 3 + d = -3*h. What is u(h)?
5
Let o(b) be the first derivative of 7*b**3/3 - b**2 - 3*b - 39. Determine o(-2).
29
Let q be ((-6)/4)/(2/8). Suppose 2*z - 3*p = 4 + 8, 0 = -2*z - 4*p + 12. Let y = q + z. Let v(w) = w**3. Determine v(y).
0
Let l(x) = -12 + 11 + x - 4*x**2 + x**3 + 0*x. Let o = -10 - -14. Calculate l(o).
3
Let u(n) be the third derivative of n**5/120 - n**4/12 - n**3/3 + 3*n**2. Let y(h) be the first derivative of u(h). What is y(5)?
3
Let n = 56 + -52. Let q(c) = c - 4. Determine q(n).
0
Let j(a) be the third derivative of -1/30*a**5 + 0 - 1/8*a**4 + 1/120*a**6 + 0*a + 9*a**2 - 2/3*a**3. Calculate j(3).
-4
Let b = -2 - 2. Let z(d) = 0*d - d**2 - 2*d - 4*d - 1. What is z(b)?
7
Let m(n) = n + 2. Let d(x) = x + 4. Let p be d(-10). Determine m(p).
-4
Let t(f) = -f**2 + 3*f. Let v(l) = l**3 + 2*l**2 - 3*l - 2. Suppose 2*n + 2 = n. Let k be v(n). What is t(k)?
-4
Let d(n) = n**2 + 5. Let f(o) = -o**2 + o + 1. Let i be f(-1). Let m be (-5 - -4) + (-4 - i). Let l = 4 + m. Give d(l).
5
Let r(t) = -t + 0 + 9*t**2 + 2*t**3 + 2 + 5*t**2 - 16*t**2. Determine r(2).
8
Let b(j) be the second derivative of 2*j + j**2 + 1/3*j**3 + 0. Determine b(-4).
-6
Suppose l + 15 = 4*l. Suppose -9*b = -4*b - l. Let g be (0 + b - 5) + 0. Let m(q) = 2*q**2 + 5*q - 2. Determine m(g).
10
Let d(u) = 4*u + 1. Let z(p) = 3*p + 2. Let o(b) = 4*d(b) - 5*z(b). Let h be o(9). Let k(g) = 0*g**2 - 5*g**2 - 1 + 4*g**3 - h*g**3. Determine k(5).
-1
Let i(d) be the second derivative of d**4/12 + 5*d**3/6 - d**2/2 - 28*d. What is i(-4)?
-5
Let h(f) = 2*f + 1. Let b(k) = -3*k - 1. Let t(v) = -3*b(v) - 4*h(v). Suppose -3*o - 2*m + 5*m = 15, 10 = o + 4*m. Give t(o).
-3
Let n(k) = 9*k - 2. Let d(s) = 8*s - 2. Let r(h) = -4*d(h) + 3*n(h). What is r(5)?
-23
Let k(n) = -n**3 - 2*n**2 + 2*n - 2. Let h(i) = i**2 + 8*i + 5. Let z be h(-8). Let f = 14 - z. Suppose 0 = -2*w - w - f. Give k(w).
1
Let w be 3/12 + 11/4. Let y(g) = -2 + 0 + 5*g**w + 4*g**2 + 8*g - 9*g - 4*g**3. Let v be 1 + 4/2 + -7. Give y(v).
2
Let i(t) = -t**3 + t + 7. Let z = 4 - 0. Suppose -z*l = -0*l. Calculate i(l).
7
Let m(r) = 1. Let y(u) = -u**2 + u + 11. Let p(g) = m(g) - y(g). Give p(0).
-10
Suppose t + 5 = -5*v + 24, -21 = t - 5*v. Let f(y) = 18*y**2 - 3*y + 11. Let h(m) = -6*m**2 + m - 4. Let o(l) = -4*f(l) - 11*h(l). What is o(t)?
-7
Let m(k) = 2*k - 2. Let g be m(2). Let r(b) = -b**3 + 1 - b**2 - b**g + 0*b**3. Suppose -4*u - 2 = 6. Give r(u).
1
Let g(w) = 2*w**2 - 9*w + 9. Let j(h) = -h**2 + h - 1. Let v(n) = -g(n) - 3*j(n). Calculate v(-6).
-6
Let u(b) = -b**2 - b + 1. Let t(q) = -q**3 - 2*q + 7. Let j(n) = t(n) - 3*u(n). Suppose 2*x + 3*a - 2 = -5, -2*x - a = -3. Calculate j(x).
7
Let m(q) = q**3 + 4*q**2 - q. Suppose -2*z + 3*j = j + 18, j = -3*z - 7. What is m(z)?
4
Let i(q) = 1 - 144*q + 141*q - 3. Let u = -6 + 10. Calculate i(u).
-14
Let w(n) be the third derivative of n**8/960 - n**6/720 - 7*n**4/24 + n**2. Let t(j) be the second derivative of w(j). Determine t(-1).
-6
Let g(p) = -2*p + 5*p - 2 - p - 3. Give g(4).
3
Let t = -3 - -2. Let x be (-1)/(t - 0)*2. Let i(s) = 3 + 4*s**x - 1 - 3*s**3 + 2*s**3. Calculate i(4).
2
Let a(o) = 3*o**2 + 4*o - 1. Let v(p) = -5*p**2 - 7*p + 2. Let d(n) = 7*a(n) + 4*v(n). Determine d(2).
5
Let k = -5 - -3. Let l(j) = -1 - j**2 - 2*j + 1 - 1. What is l(k)?
-1
Let m(p) = 4*p + 7. Let f(x) = 2*x**2 + x - 5. Let a be f(0). Determine m(a).
-13
Suppose 37 = 4*k - o, k = 4*o + 5 + 23. Let u be 3 - (1 + k)*1. Let a(z) = z**2 + 5*z. Determine a(u).
6
Let z(x) = -2*x**2 - 1. Let q be z(1). Let t(k) be the second derivative of 2*k + 1/6*k**4 + 1/2*k**2 + 2/3*k**3 + 0. Determine t(q).
7
Suppose -8*u + 25 = -3*u. Let o(c) be the second derivative of 1/3*c**3 - 3*c**2 - 2*c + 0. Determine o(u).
4
Let i(n) = n**3 - 4*n**2 - n + 3. Suppose 4 = 2*q + f, -2*f + 19 = 5*q - 4*f. Suppose q*l = -2*w - 4, 28 = 5*w - w - 3*l. Give i(w).
-1
Suppose 4*s + 6 = 5*t + 2, -s + 24 = 5*t. Let b(c) = -2 + 2*c**3 - c**3 - c - 3*c**2 - 3. Determine b(t).
7
Let g(a) = 7*a**2 + 11*a - 3. Let s(t) = -15*t**2 - 23*t + 6. Let q(b) = -13*g(b) - 6*s(b). Calculate q(-4).
7
Let w = -11 - -29. Suppose -4*l - 4*n - w = -2*l, -3*l - n - 12 = 0. Let k be ((-2)/(-3))/(1/l). Let v(z) = -z**2 - z - 1. What is v(k)?
-3
Suppose -5*r = -7*r. Suppose 8 = -2*o - r. Let b(k) = 2 + 2 - 2*k + k**3 + 1 + 3*k**2. What is b(o)?
-3
Let z(m) = 10*m + 292*m**2 + 1 - 588*m**2 + 297*m**2. Give z(-7).
-20
Let c(h) = h**2 + 8*h. Let j = 55 - 59. Calculate c(j).
-16
Suppose 0 = 5*b - u + 14 + 20, b + 5*u + 12 = 0. Let i(j) = j**3 + 6*j**2 - 7*j - 4. Determine i(b).
-4
Let q(k) = 3*k + 3 - 2*k**2 + k - k. Calculate q(3).
-6
Let o(u) = -u - 8 + 1 + 2*u - u**3. Calculate o(0).
-7
Let x be (-3)/5 + (-14)/10. Let s(k) = 3*k + 2. Determine s(x).
-4
Suppose 2*h - 7*h + 30 = 0. Let g(b) = 4*b + h - 4*b**3 + 3*b**3 - 1 + 5*b**2. Give g(6).
-7
Let b(o) = 3*o**3 + o**2. Let x be b(1). Suppose r = -0*r - x. Let v(z) = -z**3 - 4*z**2 - z - 2. Calculate v(r).
2
Let x(t) = t**3 + 10*t**2 - 13*t + 15. Let z be x(-11). Let p = z - 34. Let b(q) = -2*q - 3*q + 4 - 4*q**3 + 4*q**2 + 3*q**3. Determine b(p).
-2
Let p be 5 - ((-8)/28 + 9/7). Let o(i) = 0*i + 7 - 2*i + i. Give o(p).
3
Let z = 14 + -11. Let t(n) = -4*n - 2 + 3 + z*n. Determine t(4).
-3
Let m(p) = 5*p**2 + 3*p + 3. Let q(b) = -b**3 - 12*b**2 - 13*b - 24. Let a be q(-11). Give m(a).
17
Let d(l) = l**2 + 7*l - 3. Let y = 134 - 142. What is d(y)?
5
Let z(m) = 2 + 27*m - 28*m + 0 + 2. Calculate z(3).
1
Let g(a) = -a**2 + 7*a - 7. Let q(h) = -2*h**2 + 2*h - 3. Let b be q(2). Let t = b - -13. Determine g(t).
-1
Let w(o) = 14*o**3 - 2*o**2 - o. Suppose 4*u + 5 = -5*x, 0*u = -u. Determine w(x).
-15
Let p(r) = 2*r**2 + r. Let b be p(-1). Let t(u) = b + u + 2 - 1 + 0. Calculate t(4).
6
Let w(u) = -2*u**2 + 3*u - 3. Let m(o) be the second derivative of -o**4/12 - 4*o**3/3 + o**2 - 2*o. Let p be m(-8). Calculate w(p).
-5
Suppose -3*z + 11 = -d + z, 3*d - 15 = -4*z. Let c(r) = -9*r - 1. Give c(d).
-10
Let d(u) = u**2 - 2*u - 5. Suppose 0 = -j - 4*j. Suppose 4 = -j*k + k. Let g be 66/14 + k/14. What is d(g)?
10
Suppose -w + a = -38, -4*w + 2*a - 83 = -239. Suppose 5*f - 7*i - w = -2*i, 3*f = -3*i. Let r(q) = -f + 0*q + 2 + 2*q + 3 + q**2. Give r(-2).
1
Suppose -2*j + 0*j + 6 = 0. Let s(d) = 19*d + d**2 - 20*d + 2 - j. Give s(-2).
5
Let a be -2 + 1 + -4 - -1. Suppose 3*d - 25 - 8 = 0. Let j(x) = 0*x - x + 12*x**3 + 3*x**2 - d*x**3. What is j(a)?
-12
Let y(g) = -24*g**2 - 19*g**2 + 42*g**2 - 7*g - 8. Determine y(-6).
-2
Let j(h) = -1. Let l(p) = -3*p + 9. Let s(c) = -2*j(c) - l(c). What is s(5)?
8
Let t be (-22)/(-4) - 1/(-2). Suppose 4*l + y = -6 + 27, 0 = -l - y + t. Let g(d) = -d + 4*d - 5 - d. Determine g(l).
5
Let p(y) = -y**2 - 13*y - 38. Let x be p(-6). Let d(r) = -r**3 + 6*r**2 - 5*r - 4. Give d(x).
8
Let h(d) = -d**2 - 7*d + 4. Let i(n) = 5*n**2 + 36*n - 20. Let m(v) = 11*h(v) + 2*i(v). Let s(q) = -27*q + 48. Let k be s(2). Give m(k).
-2
Let k(z) = z + 1. Suppose 3*i - 7*i = -8. Calculate k(i).
3
Let x(w) = w**2 - 3*w - 2. Let b(h) = 3*h**3 + h - 1. Let m be b(1). Calculate x(m).
-2
Suppose 5*b - b - 12 = 0. Let k be 6*((-3)/b)/(-1). Let p(q) be the first derivative of q**4/4 - 2*q**3 - q**2/2 + 7*q - 1. Give p(k).
1
Suppose -3*g + 2*g = -1. Suppose l - 5 = -g. Let x(n) = 0*n**2 + 4*n**2 - n**3 - 4*n**2 + 5 + 4*n**2. What is x(l)?
5
Let r(q) = -4*q**2 + 3*q**3 + 2 - 2*q**3 + 4*q - 6. Let z(y) = -y**2 + 4*y + 7. Let x be z(5). Let l = x - -1. Calculate r(l).
-1
Let z(n) = -n**2 + n - 1. Suppose -2*y + 8*y - 5*y = 0. Calculate z(y).
-1
Let l(f) = -f + 3. Suppose -58*w = -61*w. Determine l(w).
3
Let k(p) = p**2 - 1. Let i(r) = 2*r**2 + 2. Let g be i(-3). Let m = g - 32. Let y be m/5 + (-8)/(-20). Calculate k(y).
3
Let p(f) be the second derivative of f - 1/3*f**3 - 1/12*f**4 + 1/4*f**5 - 1/2*f**2 + 0. Suppose -c + 2 =